{"id":6,"date":"2020-01-12T20:03:45","date_gmt":"2020-01-12T20:03:45","guid":{"rendered":"https:\/\/nemcinatorka.cz\/?page_id=6"},"modified":"2022-02-16T11:28:56","modified_gmt":"2022-02-16T11:28:56","slug":"6-2","status":"publish","type":"page","link":"https:\/\/nemcinatorka.cz\/","title":{"rendered":""},"content":{"rendered":"\n<div class=\"wp-block-group alignwide\"><div class=\"wp-block-group__inner-container\">\n<h2 class=\"has-text-align-center has-text-color\" style=\"color:#b71f3b\"><strong>Sabina Pappenbergerov\u00e1<\/strong><br><strong>p\u0159ekladatelka jazyka n\u011bmeck\u00e9ho<\/strong><\/h2>\n<\/div><\/div>\n\n\n\n<div class=\"wp-block-columns alignwide\">\n<div class=\"wp-block-column\"><\/div>\n\n\n\n<div class=\"wp-block-column\">\n<div class=\"wp-block-group\"><div class=\"wp-block-group__inner-container\"><\/div><\/div>\n<\/div>\n<\/div>\n\n\n\n<div class=\"wp-block-group alignwide\"><div class=\"wp-block-group__inner-container\">\n<h3 class=\"has-text-align-center has-text-color\" style=\"color:#b71f3b\"><strong>V\u00edt\u00e1m V\u00e1s na m\u00fdch str\u00e1nk\u00e1ch!<\/strong><\/h3>\n<\/div><\/div>\n\n\n\n<p class=\"has-text-align-center has-text-color\" style=\"color:#7a5148\"><em>Jako \u010desk\u00e1 rodil\u00e1 mluv\u010d\u00ed nab\u00edz\u00edm <strong>jazykov\u00e9 a zprost\u0159edkovatelsk\u00e9 slu\u017eby<\/strong> v\u0161em, kte\u0159\u00ed si cht\u011bj\u00ed roz\u0161\u00ed\u0159it obzory za hranice, a\u0165 u\u017e na \u010desk\u00e9 nebo na n\u011bmeck\u00e9 stran\u011b.<\/em><br><br><em>S hlubok\u00fdmi ko\u0159eny jak v \u010cesk\u00e9, tak i v Bavorsk\u00e9 zemi v\u011bnuji svou pr\u00e1ci p\u0159edev\u0161\u00edm<\/em> lep\u0161\u00edmu porozum\u011bn\u00ed a dobr\u00fdm sousedsk\u00fdm vztah\u016fm mezi ob\u011bma n\u00e1rody. <\/p>\n\n\n\n<h4 class=\"has-text-align-center has-text-color\" style=\"color:#b71f3b\"><strong>Nab\u00edz\u00edm n\u00e1sleduj\u00edc\u00ed slu\u017eby:<\/strong><\/h4>\n\n\n\n<p class=\"has-text-align-center has-text-color\" style=\"color:#7a5148\"><strong>Region\u00e1ln\u00ed p\u0159ekladatelsk\u00e9 slu\u017eby v oblasti Fichtelgebirge\/Smr\u010diny<\/strong><br>S\u00eddl\u00edm v n\u011bmeck\u00e9m m\u011bst\u011b Wunsiedel (asi 25 km od hranic, nedaleko m\u011bsta Cheb). Nab\u00edz\u00edm p\u0159eklady, tlumo\u010den\u00ed a jin\u00e9 slu\u017eby jazykov\u00e9ho prost\u0159edn\u00edka pro pot\u0159eby r\u016fzn\u00fdch m\u00edstn\u00edch subjekt\u016f. R\u00e1da podpo\u0159\u00edm v\u0161elijak\u00e9 p\u0159eshrani\u010dn\u00ed projekty nap\u0159. v oblasti kultury, um\u011bn\u00ed a literatury a tak\u00e9 mezin\u00e1rodn\u00ed spolupr\u00e1ci mezi \u010desk\u00fdmi a n\u011bmeck\u00fdmi institucemi, obcemi apod.<\/p>\n\n\n\n<p class=\"has-text-align-center has-text-color\" style=\"color:#7a5148\"><strong>V\u0161eobecn\u00e9 p\u0159eklady v obou sm\u011brech<\/strong><br>Webov\u00e9 str\u00e1nky &#8211; reklamn\u00ed texty &#8211; informa\u010dn\u00ed tabule &#8211; korespondece &#8211; \u010dl\u00e1nky &#8211; \u00fa\u0159edn\u00ed ozn\u00e1men\u00ed &#8211; zpr\u00e1vy &#8211; blogy &#8211; \u017eivotopisy &#8211; prezenta\u010dn\u00ed materi\u00e1ly &#8211; pr\u016fvodce &#8211; katalogy &#8211; a mnoh\u00e9 dal\u0161\u00ed<\/p>\n\n\n\n<p class=\"has-text-align-center has-text-color\" style=\"color:#7a5148\"><strong>Nenab\u00edz\u00edm pr\u00e1vn\u00ed, soudn\u00ed p\u0159eklady ani soudn\u00ed tlumo\u010den\u00ed.<\/strong><br>Ale r\u00e1da V\u00e1m doporu\u010d\u00edm spolehliv\u00e9 kolegy z na\u0161eho regionu, kte\u0159\u00ed se v\u011bnuj\u00ed \u00fa\u0159edn\u00edm a soudn\u011b ov\u011b\u0159en\u00fdm p\u0159eklad\u016fm.<\/p>\n\n\n\n<p class=\"has-text-align-center has-text-color\" style=\"color:#7a5148\"><strong>P\u0159eklady dle principu \u010dty\u0159 o\u010d\u00ed<\/strong><br>R\u00e1da zajist\u00edm vysoce kvalitn\u00ed p\u0159eklady jak do \u010de\u0161tiny, tak i do n\u011bm\u010diny v\u010detn\u011b kontroly (korektury a lektor\u00e1tu) druhou osobou &#8211; v\u017edy rodil\u00fdm mluv\u010d\u00edm. <\/p>\n\n\n\n<p class=\"has-text-align-center has-text-color\" style=\"color:#7a5148\">V\u00edce informac\u00ed o m\u00e9 \u010dinnosti v N\u011bmecku se dozv\u00edte na:<br><a href=\"https:\/\/tschechinatorin.de\" data-type=\"URL\" data-id=\"https:\/\/tschechinatorin.de\"><strong>&gt;&gt; tschechinatorin.de &lt;&lt;<\/strong><\/a><\/p>\n\n\n\n<div class=\"wp-block-image\"><figure class=\"aligncenter size-medium is-resized\"><a href=\"https:\/\/tschechinatorin.de\" target=\"_blank\" rel=\"noreferrer noopener\"><img loading=\"lazy\" src=\"https:\/\/nemcinatorka.cz\/wp-content\/uploads\/2020\/04\/Logo-03-300x145.png\" alt=\"\" class=\"wp-image-162\" width=\"300\" height=\"145\" srcset=\"https:\/\/nemcinatorka.cz\/wp-content\/uploads\/2020\/04\/Logo-03-300x145.png 300w, https:\/\/nemcinatorka.cz\/wp-content\/uploads\/2020\/04\/Logo-03-1024x495.png 1024w, https:\/\/nemcinatorka.cz\/wp-content\/uploads\/2020\/04\/Logo-03-768x372.png 768w, https:\/\/nemcinatorka.cz\/wp-content\/uploads\/2020\/04\/Logo-03-1536x743.png 1536w, https:\/\/nemcinatorka.cz\/wp-content\/uploads\/2020\/04\/Logo-03-2048x991.png 2048w\" sizes=\"(max-width: 300px) 100vw, 300px\" \/><\/a><\/figure><\/div>\n\n\n\n<p><\/p>\n\n\n\n<h4 class=\"has-text-align-center has-text-color\" style=\"color:#b71f3b\"><strong>Kr\u00e1sn\u00e1 literatura<\/strong><\/h4>\n\n\n\n<p class=\"has-text-align-center has-text-color\" style=\"color:#7a5148\">Beletristick\u00fd p\u0159eklad je pro m\u011b srde\u010dn\u00ed z\u00e1le\u017eitost\u00ed, nebo\u0165 na rozd\u00edl od odborn\u00fdch p\u0159eklad\u016f jde o velice kreativn\u00ed a naprosto individu\u00e1ln\u00ed du\u0161evn\u00ed pr\u00e1ci.<br><br>Na\u0161e mate\u0159\u0161tina opl\u00fdv\u00e1 rozs\u00e1hlou slovn\u00ed z\u00e1sobou. Bav\u00ed m\u011b p\u0159i pr\u00e1ci \u010derpat ze \u0161irok\u00e9ho spektra rozmanit\u00fdch \u0159e\u010dnick\u00fdch prost\u0159edk\u016f, synonym, idiom\u016f, po\u0159ekadel, \u2026<br><br>Spole\u010dn\u011b s bavorsk\u00fdm spisovatelem a vyprav\u011b\u010dem poh\u00e1dek Oliverem Machanderem uv\u00e1d\u00edme<br><strong>z\u00e1bavn\u00e9 dvojjazy\u010dn\u00e9 \u010dten\u00ed z knihy:<\/strong><br><strong><a href=\"https:\/\/nemcinatorka.cz\/wp-content\/uploads\/2021\/03\/Autorske-cteni.pdf\" data-type=\"URL\" data-id=\"https:\/\/nemcinatorka.cz\/wp-content\/uploads\/2021\/03\/Autorske-cteni.pdf\" target=\"_blank\" rel=\"noreferrer noopener\">\u201ePobou\u0159en\u00e9 b\u00e1by a chlapi jako kroupy\/Weibersturm und M\u00e4nnerhagel\u201c<\/a><\/strong><br><br>Autorsk\u00e9 \u010dten\u00ed v obou jazyc\u00edch je vhodn\u00e9 jako program pro rozli\u010dn\u00e9 \u010desko-n\u011bmeck\u00e9 kulturn\u00ed akce, liter\u00e1rn\u00ed setk\u00e1n\u00ed, p\u0159eshrani\u010dn\u00ed festivaly, anebo jako zpest\u0159en\u00ed v\u00fduky ciz\u00edho jazyka.<br><br><a rel=\"noreferrer noopener\" aria-label=\" (\u00f6ffnet in neuem Tab)\" href=\"https:\/\/nemcinatorka.cz\/index.php\/pohadkovy-kufr\/\" target=\"_blank\">A pro \u0161kol\u00e1ky jsme p\u0159ipravili<br><strong>\u201e\u010cesko-bavorsk\u00fd poh\u00e1dkov\u00fd kufr\u201c.<\/strong><\/a><\/p>\n\n\n\n<p><\/p>\n\n\n\n<p class=\"has-text-align-center has-text-color\" style=\"color:#7a5148\"> Malou uk\u00e1zku m\u00e9 pr\u00e1ce v n\u011bmeck\u00e9m jazyce najdete na bavorsk\u00fdch<br>str\u00e1nk\u00e1ch pro um\u011blce a \u017eivnostn\u00edky:<\/p>\n\n\n\n<div class=\"wp-block-image\"><figure class=\"aligncenter size-thumbnail\"><a href=\"https:\/\/literarisches.gmachtin.bayern\/?pg=80.360.literarisches,tschechinatorin-de\" target=\"_blank\" rel=\"noreferrer noopener\"><img loading=\"lazy\" width=\"150\" height=\"150\" src=\"https:\/\/nemcinatorka.cz\/wp-content\/uploads\/2020\/05\/oisbayern-150x150.jpg\" alt=\"\" class=\"wp-image-186\"\/><\/a><\/figure><\/div>\n\n\n\n<p><\/p>\n\n\n\n<p><\/p>\n\n\n\n<p><\/p>\n\n\n\n<p><\/p>\n","protected":false},"excerpt":{"rendered":"<p>Jako \u010desk\u00e1 rodil\u00e1 mluv\u010d\u00ed nab\u00edz\u00edm jazykov\u00e9 a zprost\u0159edkovatelsk\u00e9 slu\u017eby v\u0161em, kte\u0159\u00ed si cht\u011bj\u00ed roz\u0161\u00ed\u0159it obzory &hellip; <\/p>\n","protected":false},"author":1,"featured_media":198,"parent":0,"menu_order":0,"comment_status":"closed","ping_status":"closed","template":"","meta":[],"_links":{"self":[{"href":"https:\/\/nemcinatorka.cz\/index.php\/wp-json\/wp\/v2\/pages\/6"}],"collection":[{"href":"https:\/\/nemcinatorka.cz\/index.php\/wp-json\/wp\/v2\/pages"}],"about":[{"href":"https:\/\/nemcinatorka.cz\/index.php\/wp-json\/wp\/v2\/types\/page"}],"author":[{"embeddable":true,"href":"https:\/\/nemcinatorka.cz\/index.php\/wp-json\/wp\/v2\/users\/1"}],"replies":[{"embeddable":true,"href":"https:\/\/nemcinatorka.cz\/index.php\/wp-json\/wp\/v2\/comments?post=6"}],"version-history":[{"count":35,"href":"https:\/\/nemcinatorka.cz\/index.php\/wp-json\/wp\/v2\/pages\/6\/revisions"}],"predecessor-version":[{"id":248,"href":"https:\/\/nemcinatorka.cz\/index.php\/wp-json\/wp\/v2\/pages\/6\/revisions\/248"}],"wp:featuredmedia":[{"embeddable":true,"href":"https:\/\/nemcinatorka.cz\/index.php\/wp-json\/wp\/v2\/media\/198"}],"wp:attachment":[{"href":"https:\/\/nemcinatorka.cz\/index.php\/wp-json\/wp\/v2\/media?parent=6"}],"curies":[{"name":"wp","href":"https:\/\/api.w.org\/{rel}","templated":true}]}}

<div class="wp-block-group alignwide"><div class="wp-block-group__inner-container">
<h2 class="has-text-align-center has-text-color" style="color:#b71f3b"><strong>Sabina Pappenbergerová</strong><br><strong>překladatelka jazyka německého</strong></h2>
</div></div>



<div class="wp-block-columns alignwide">
<div class="wp-block-column"></div>



<div class="wp-block-column">
<div class="wp-block-group"><div class="wp-block-group__inner-container"></div></div>
</div>
</div>



<div class="wp-block-group alignwide"><div class="wp-block-group__inner-container">
<h3 class="has-text-align-center has-text-color" style="color:#b71f3b"><strong>Vítám Vás na mých stránkách!</strong></h3>
</div></div>



<p class="has-text-align-center has-text-color" style="color:#7a5148"><em>Jako česká rodilá mluvčí nabízím <strong>jazykové a zprostředkovatelské služby</strong> všem, kteří si chtějí rozšířit obzory za hranice, ať už na české nebo na německé straně.</em><br><br><em>S hlubokými kořeny jak v České, tak i v Bavorské zemi věnuji svou práci především</em> lepšímu porozumění a dobrým sousedským vztahům mezi oběma národy. </p>



<h4 class="has-text-align-center has-text-color" style="color:#b71f3b"><strong>Nabízím následující služby:</strong></h4>



<p class="has-text-align-center has-text-color" style="color:#7a5148"><strong>Regionální překladatelské služby v oblasti Fichtelgebirge/Smrčiny</strong><br>Sídlím v německém městě Wunsiedel (asi 25 km od hranic, nedaleko města Cheb). Nabízím překlady, tlumočení a jiné služby jazykového prostředníka pro potřeby různých místních subjektů. Ráda podpořím všelijaké přeshraniční projekty např. v oblasti kultury, umění a literatury a také mezinárodní spolupráci mezi českými a německými institucemi, obcemi apod.</p>



<p class="has-text-align-center has-text-color" style="color:#7a5148"><strong>Všeobecné překlady v obou směrech</strong><br>Webové stránky &#8211; reklamní texty &#8211; informační tabule &#8211; korespondece &#8211; články &#8211; úřední oznámení &#8211; zprávy &#8211; blogy &#8211; životopisy &#8211; prezentační materiály &#8211; průvodce &#8211; katalogy &#8211; a mnohé další</p>



<p class="has-text-align-center has-text-color" style="color:#7a5148"><strong>Nenabízím právní, soudní překlady ani soudní tlumočení.</strong><br>Ale ráda Vám doporučím spolehlivé kolegy z našeho regionu, kteří se věnují úředním a soudně ověřeným překladům.</p>



<p class="has-text-align-center has-text-color" style="color:#7a5148"><strong>Překlady dle principu čtyř očí</strong><br>Ráda zajistím vysoce kvalitní překlady jak do češtiny, tak i do němčiny včetně kontroly (korektury a lektorátu) druhou osobou &#8211; vždy rodilým mluvčím. </p>



<p class="has-text-align-center has-text-color" style="color:#7a5148">Více informací o mé činnosti v Německu se dozvíte na:<br><a href="https://tschechinatorin.de" data-type="URL" data-id="https://tschechinatorin.de"><strong>&gt;&gt; tschechinatorin.de &lt;&lt;</strong></a></p>



<div class="wp-block-image"><figure class="aligncenter size-medium is-resized"><a href="https://tschechinatorin.de" target="_blank" rel="noreferrer noopener"><img loading="lazy" src="https://nemcinatorka.cz/wp-content/uploads/2020/04/Logo-03-300x145.png" alt="" class="wp-image-162" width="300" height="145" srcset="https://nemcinatorka.cz/wp-content/uploads/2020/04/Logo-03-300x145.png 300w, https://nemcinatorka.cz/wp-content/uploads/2020/04/Logo-03-1024x495.png 1024w, https://nemcinatorka.cz/wp-content/uploads/2020/04/Logo-03-768x372.png 768w, https://nemcinatorka.cz/wp-content/uploads/2020/04/Logo-03-1536x743.png 1536w, https://nemcinatorka.cz/wp-content/uploads/2020/04/Logo-03-2048x991.png 2048w" sizes="(max-width: 300px) 100vw, 300px" /></a></figure></div>



<p></p>



<h4 class="has-text-align-center has-text-color" style="color:#b71f3b"><strong>Krásná literatura</strong></h4>



<p class="has-text-align-center has-text-color" style="color:#7a5148">Beletristický překlad je pro mě srdeční záležitostí, neboť na rozdíl od odborných překladů jde o velice kreativní a naprosto individuální duševní práci.<br><br>Naše mateřština oplývá rozsáhlou slovní zásobou. Baví mě při práci čerpat ze širokého spektra rozmanitých řečnických prostředků, synonym, idiomů, pořekadel, …<br><br>Společně s bavorským spisovatelem a vypravěčem pohádek Oliverem Machanderem uvádíme<br><strong>zábavné dvojjazyčné čtení z knihy:</strong><br><strong><a href="https://nemcinatorka.cz/wp-content/uploads/2021/03/Autorske-cteni.pdf" data-type="URL" data-id="https://nemcinatorka.cz/wp-content/uploads/2021/03/Autorske-cteni.pdf" target="_blank" rel="noreferrer noopener">„Pobouřené báby a chlapi jako kroupy/Weibersturm und Männerhagel“</a></strong><br><br>Autorské čtení v obou jazycích je vhodné jako program pro rozličné česko-německé kulturní akce, literární setkání, přeshraniční festivaly, anebo jako zpestření výuky cizího jazyka.<br><br><a rel="noreferrer noopener" aria-label=" (öffnet in neuem Tab)" href="https://nemcinatorka.cz/index.php/pohadkovy-kufr/" target="_blank">A pro školáky jsme připravili<br><strong>„Česko-bavorský pohádkový kufr“.</strong></a></p>



<p></p>



<p class="has-text-align-center has-text-color" style="color:#7a5148"> Malou ukázku mé práce v německém jazyce najdete na bavorských<br>stránkách pro umělce a živnostníky:</p>



<div class="wp-block-image"><figure class="aligncenter size-thumbnail"><a href="https://literarisches.gmachtin.bayern/?pg=80.360.literarisches,tschechinatorin-de" target="_blank" rel="noreferrer noopener"><img loading="lazy" width="150" height="150" src="https://nemcinatorka.cz/wp-content/uploads/2020/05/oisbayern-150x150.jpg" alt="" class="wp-image-186"/></a></figure></div>



<p></p>



<p></p>



<p></p>



<p></p>

<p>Jako česká rodilá mluvčí nabízím jazykové a zprostředkovatelské služby všem, kteří si chtějí rozšířit obzory &hellip; </p>
