{"id":114,"date":"2020-04-26T18:27:18","date_gmt":"2020-04-26T18:27:18","guid":{"rendered":"https:\/\/nemcinatorka.cz\/?page_id=114"},"modified":"2022-02-16T20:56:35","modified_gmt":"2022-02-16T20:56:35","slug":"sit","status":"publish","type":"page","link":"https:\/\/nemcinatorka.cz\/index.php\/sit\/","title":{"rendered":"Doporu\u010duji"},"content":{"rendered":"\n<p class=\"has-text-color\" style=\"color:#b71f3b\"><em>\u010cesko a Bavorsko jsou kr\u00e1sn\u00e9 zem\u011b, kde stoj\u00ed za to \u017e\u00edt. Co z t\u011bchto kraj\u016f d\u011bl\u00e1 m\u00edsta vhodn\u00e1 k \u017eit\u00ed?Podle m\u011b jsou to p\u0159edev\u0161\u00edm jejich obyvatel\u00e9. Na obou stran\u00e1ch hranice \u017eije mnoho skv\u011bl\u00fdch tv\u016fr\u010d\u00edch osobnost\u00ed, kter\u00e9 svou prac\u00ed utv\u00e1\u0159\u00ed \u017eivot pest\u0159ej\u0161\u00edm, zdrav\u011bj\u0161\u00edm, poctiv\u011bj\u0161\u00edm, veselej\u0161\u00edm, p\u0159irozen\u011bj\u0161\u00edm,&#8230; no zkr\u00e1tka lep\u0161\u00edm. A ti n\u00e1sleduj\u00edc\u00ed tv\u016frci k nim rozhodn\u011b pat\u0159\u00ed\u2026<\/em><\/p>\n\n\n\n<h5 class=\"has-text-color\" style=\"color:#b71f3b\">\u010cesko-n\u011bmeck\u00e9 p\u0159\u00e1telstv\u00ed a kulturn\u00ed v\u00fdm\u011bna<\/h5>\n\n\n\n<p class=\"has-text-color\" style=\"color:#7a5148\">Projekt <strong>Demspolu.cz<\/strong> v\u00edt\u00e1 v\u0161echny z\u00e1jemce, kte\u0159\u00ed se cht\u011bj\u00ed pod\u00edvat za sv\u00e9 hranice:<br><strong><a href=\"https:\/\/czusammen.de\/\">https:\/\/czusammen.de\/<\/a><br><a href=\"https:\/\/demspolu.cz\/\">https:\/\/demspolu.cz\/<\/a><\/strong><\/p>\n\n\n\n<h5 class=\"has-text-color\" style=\"color:#b71f3b\">Bavorsk\u00e1 alternativa Googlu a Facebooku<\/h5>\n\n\n\n<p class=\"has-text-color\" style=\"color:#7a5148\">M\u00e9 obvzl\u00e1\u0161tn\u00ed doporu\u010den\u00ed pat\u0159\u00ed projektu: \u201e<strong>ois.gmachtin.bayern<\/strong>\u201c z d\u00edlny informa\u010dn\u00edho technika <strong>Petera Schrettenbrunnera<\/strong>. Ryze bavorsk\u00e1 internetov\u00e1 platforma nab\u00edz\u00ed prostor pro prezentaci nejen region\u00e1ln\u00edm um\u011blc\u016fm, \u0159emesln\u00edk\u016fm a \u017eivnost\u00edk\u016fm, ale tak\u00e9 v\u0161em \u0161ikovn\u00fdm lidem, kte\u0159\u00ed dob\u0159e rozum\u00ed sv\u00e9mu oboru a maj\u00ed co nab\u00eddnout. Je to uk\u00e1zka poctiv\u00e9ho, lok\u00e1ln\u00edho webu bez \u0161pion\u00e1\u017ee, protivn\u00fdch reklam a vlivu obrovsk\u00fdch nadn\u00e1rodn\u00edch koncern\u016f. (Projekt vznikl jako nab\u00eddka spolupr\u00e1ce \u2013&nbsp; od Bavora Bavor\u016fm, tud\u00ed\u017e podm\u00ednkou pro prezentaci na t\u011bchto str\u00e1nk\u00e1ch je bydli\u0161t\u011b v Bavorsku.)<br><a href=\"https:\/\/ois.gmachtin.bayern\/\"><strong>https:\/\/ois.gmachtin.bayern\/<\/strong><\/a><\/p>\n\n\n\n<h5 class=\"has-text-color\" style=\"color:#b71f3b\">Z\u00e1bava<\/h5>\n\n\n\n<p class=\"has-text-color\" style=\"color:#7a5148\">Nav\u0161tivte tak\u00e9 str\u00e1nky bavorsk\u00e9ho vyprav\u011b\u010de poh\u00e1dek <strong>Oliviera <\/strong>z \u0158ezna<strong>. <\/strong>Nab\u00edz\u00ed poh\u00e1dkov\u00e9 vystoupen\u00ed (nejen) pro d\u011bti v n\u011bm\u010din\u011b a tak\u00e9 dvojjazy\u010dn\u00e9 vystoupen\u00ed \u201e\u010cesko-bavorsk\u00fd poh\u00e1dkov\u00fd kufr\u201c:<br><a href=\"https:\/\/www.nanu-maerchen.de\/\"><strong>https:\/\/www.nanu-maerchen.de\/<\/strong><\/a><\/p>\n\n\n\n<p class=\"has-text-color\" style=\"color:#7a5148\">O skv\u011blou z\u00e1bavu na Va\u0161\u00ed akci, oslav\u011b nebo festivalu se postar\u00e1 agentura <strong>Firesmile <\/strong>(Eventagentur), <strong>Silvia Schraml<\/strong> z Kemnathu v Horn\u00ed Falci. Nab\u00edz\u00ed z\u00e1bavn\u00e9 atrakce na kl\u00ed\u010d \u2013 ohniv\u00e1 show, vesel\u00fd program pro d\u011bti v n\u011bmeck\u00e9m jazyce (bublifuk, d\u011btsk\u00fd cirkus), o\u017eivuj\u00edc\u00ed \u00fa\u010dinky \u0161iacu a mnohem v\u00edce:<br><a href=\"http:\/\/firesmile.de\/\"><strong>http:\/\/firesmile.de\/<\/strong><\/a><\/p>\n\n\n\n<h5 class=\"has-text-color\" style=\"color:#b71f3b\">Grafick\u00fd design a webov\u00e9 str\u00e1nky<\/h5>\n\n\n\n<p class=\"has-text-color\" style=\"color:#7a5148\">Cht\u011bli byste si nechat naprogramovat internetov\u00e9 str\u00e1nky v t\u00e9 nejlep\u0161\u00ed kvalit\u011b? Pak se mrkn\u011bte na:<br><a href=\"https:\/\/schrettenbrunner.net\/\"><strong>https:\/\/schrettenbrunner.net\/<\/strong><\/a><\/p>\n\n\n\n<h5 class=\"has-text-color\" style=\"color:#b71f3b\">Fotografie<\/h5>\n\n\n\n<p class=\"has-text-color\" style=\"color:#7a5148\">Na n\u00e1sleduj\u00edc\u00edch str\u00e1nk\u00e1ch najdete \u201ekr\u00e1su na pohled\u201c \u2013<strong> fotografie<\/strong> a imprese \u2013 &nbsp;<strong>Peter<\/strong> <strong>Schrettenbrunner<\/strong>:<br> \u201eois Ansichtssache \u2013 ein besonderer Blick auf:\u201c \/ \u201eje to v\u0161echno jen v\u011bc pohledu \u2013 zvl\u00e1\u0161tn\u00ed n\u00e1hled na:\u201c<br><a href=\"https:\/\/pr.achtvoll.es\/\"><strong>https:\/\/pr.achtvoll.es\/<\/strong><\/a><\/p>\n\n\n\n<h5 class=\"has-text-color\" style=\"color:#b71f3b\">Literatura<\/h5>\n\n\n\n<p class=\"has-text-color\" style=\"color:#7a5148\">Nakladatelstv\u00ed&nbsp;<strong>Morsak und Ohetaler z Grafenau<\/strong>&nbsp;\u2013 N\u011bmeck\u00fd nakladatel doprov\u00e1zej\u00edc\u00ed stejnou m\u011brou zn\u00e1m\u00e9 i nezn\u00e1m\u00e9 autory. Zde vych\u00e1z\u00ed dvojjazy\u010dn\u00e1 \u010desko-n\u011bmeck\u00e1 kniha \u201e<strong>Weibersturm und M\u00e4nnerhagel \/ Pobou\u0159en\u00e9 b\u00e1by a chlapi jako Kroupy<\/strong>\u201c. Kniha obsahuje \u0161est vesel\u00fdch a poh\u00e1dkov\u00fdch p\u0159\u00edb\u011bh\u016f v origin\u00e1ln\u00ed, n\u011bmeck\u00e9 verzi (O. Machander) a z\u00e1rove\u0148 ve verzi \u010desk\u00e9, p\u0159ekladov\u00e9 (poch\u00e1zej\u00edc\u00ed z m\u00e9 d\u00edlny):<br><strong><a href=\"http:\/\/www.moverlag.eu\" data-type=\"URL\" data-id=\"www.moverlag.eu\">https:\/\/moverlag.eu<\/a><\/strong><\/p>\n","protected":false},"excerpt":{"rendered":"<p>\u010cesko a Bavorsko jsou kr\u00e1sn\u00e9 zem\u011b, kde stoj\u00ed za to \u017e\u00edt. Co z t\u011bchto kraj\u016f &hellip; <\/p>\n","protected":false},"author":1,"featured_media":137,"parent":0,"menu_order":0,"comment_status":"closed","ping_status":"closed","template":"","meta":[],"_links":{"self":[{"href":"https:\/\/nemcinatorka.cz\/index.php\/wp-json\/wp\/v2\/pages\/114"}],"collection":[{"href":"https:\/\/nemcinatorka.cz\/index.php\/wp-json\/wp\/v2\/pages"}],"about":[{"href":"https:\/\/nemcinatorka.cz\/index.php\/wp-json\/wp\/v2\/types\/page"}],"author":[{"embeddable":true,"href":"https:\/\/nemcinatorka.cz\/index.php\/wp-json\/wp\/v2\/users\/1"}],"replies":[{"embeddable":true,"href":"https:\/\/nemcinatorka.cz\/index.php\/wp-json\/wp\/v2\/comments?post=114"}],"version-history":[{"count":11,"href":"https:\/\/nemcinatorka.cz\/index.php\/wp-json\/wp\/v2\/pages\/114\/revisions"}],"predecessor-version":[{"id":249,"href":"https:\/\/nemcinatorka.cz\/index.php\/wp-json\/wp\/v2\/pages\/114\/revisions\/249"}],"wp:featuredmedia":[{"embeddable":true,"href":"https:\/\/nemcinatorka.cz\/index.php\/wp-json\/wp\/v2\/media\/137"}],"wp:attachment":[{"href":"https:\/\/nemcinatorka.cz\/index.php\/wp-json\/wp\/v2\/media?parent=114"}],"curies":[{"name":"wp","href":"https:\/\/api.w.org\/{rel}","templated":true}]}}

Doporučuji

<p class="has-text-color" style="color:#b71f3b"><em>Česko a Bavorsko jsou krásné země, kde stojí za to žít. Co z těchto krajů dělá místa vhodná k žití?Podle mě jsou to především jejich obyvatelé. Na obou stranách hranice žije mnoho skvělých tvůrčích osobností, které svou prací utváří život pestřejším, zdravějším, poctivějším, veselejším, přirozenějším,&#8230; no zkrátka lepším. A ti následující tvůrci k nim rozhodně patří…</em></p>



<h5 class="has-text-color" style="color:#b71f3b">Česko-německé přátelství a kulturní výměna</h5>



<p class="has-text-color" style="color:#7a5148">Projekt <strong>Demspolu.cz</strong> vítá všechny zájemce, kteří se chtějí podívat za své hranice:<br><strong><a href="https://czusammen.de/">https://czusammen.de/</a><br><a href="https://demspolu.cz/">https://demspolu.cz/</a></strong></p>



<h5 class="has-text-color" style="color:#b71f3b">Bavorská alternativa Googlu a Facebooku</h5>



<p class="has-text-color" style="color:#7a5148">Mé obvzláštní doporučení patří projektu: „<strong>ois.gmachtin.bayern</strong>“ z dílny informačního technika <strong>Petera Schrettenbrunnera</strong>. Ryze bavorská internetová platforma nabízí prostor pro prezentaci nejen regionálním umělcům, řemeslníkům a živnostíkům, ale také všem šikovným lidem, kteří dobře rozumí svému oboru a mají co nabídnout. Je to ukázka poctivého, lokálního webu bez špionáže, protivných reklam a vlivu obrovských nadnárodních koncernů. (Projekt vznikl jako nabídka spolupráce –&nbsp; od Bavora Bavorům, tudíž podmínkou pro prezentaci na těchto stránkách je bydliště v Bavorsku.)<br><a href="https://ois.gmachtin.bayern/"><strong>https://ois.gmachtin.bayern/</strong></a></p>



<h5 class="has-text-color" style="color:#b71f3b">Zábava</h5>



<p class="has-text-color" style="color:#7a5148">Navštivte také stránky bavorského vypravěče pohádek <strong>Oliviera </strong>z Řezna<strong>. </strong>Nabízí pohádkové vystoupení (nejen) pro děti v němčině a také dvojjazyčné vystoupení „Česko-bavorský pohádkový kufr“:<br><a href="https://www.nanu-maerchen.de/"><strong>https://www.nanu-maerchen.de/</strong></a></p>



<p class="has-text-color" style="color:#7a5148">O skvělou zábavu na Vaší akci, oslavě nebo festivalu se postará agentura <strong>Firesmile </strong>(Eventagentur), <strong>Silvia Schraml</strong> z Kemnathu v Horní Falci. Nabízí zábavné atrakce na klíč – ohnivá show, veselý program pro děti v německém jazyce (bublifuk, dětský cirkus), oživující účinky šiacu a mnohem více:<br><a href="http://firesmile.de/"><strong>http://firesmile.de/</strong></a></p>



<h5 class="has-text-color" style="color:#b71f3b">Grafický design a webové stránky</h5>



<p class="has-text-color" style="color:#7a5148">Chtěli byste si nechat naprogramovat internetové stránky v té nejlepší kvalitě? Pak se mrkněte na:<br><a href="https://schrettenbrunner.net/"><strong>https://schrettenbrunner.net/</strong></a></p>



<h5 class="has-text-color" style="color:#b71f3b">Fotografie</h5>



<p class="has-text-color" style="color:#7a5148">Na následujících stránkách najdete „krásu na pohled“ –<strong> fotografie</strong> a imprese – &nbsp;<strong>Peter</strong> <strong>Schrettenbrunner</strong>:<br> „ois Ansichtssache – ein besonderer Blick auf:“ / „je to všechno jen věc pohledu – zvláštní náhled na:“<br><a href="https://pr.achtvoll.es/"><strong>https://pr.achtvoll.es/</strong></a></p>



<h5 class="has-text-color" style="color:#b71f3b">Literatura</h5>



<p class="has-text-color" style="color:#7a5148">Nakladatelství&nbsp;<strong>Morsak und Ohetaler z Grafenau</strong>&nbsp;– Německý nakladatel doprovázející stejnou měrou známé i neznámé autory. Zde vychází dvojjazyčná česko-německá kniha „<strong>Weibersturm und Männerhagel / Pobouřené báby a chlapi jako Kroupy</strong>“. Kniha obsahuje šest veselých a pohádkových příběhů v originální, německé verzi (O. Machander) a zároveň ve verzi české, překladové (pocházející z mé dílny):<br><strong><a href="http://www.moverlag.eu" data-type="URL" data-id="www.moverlag.eu">https://moverlag.eu</a></strong></p>

<p>Česko a Bavorsko jsou krásné země, kde stojí za to žít. Co z těchto krajů &hellip; </p>
